at are the prime factors of 8757?
3, 7, 139
What are the prime factors of 77940?
2, 3, 5, 433
What are the prime factors of 50331?
3, 19, 883
List the prime factors of 38692.
2, 17, 569
List the prime factors of 20104.
2, 7, 359
List the prime factors of 39159.
3, 19, 229
List the prime factors of 1851.
3, 617
What are the prime factors of 8083?
59, 137
List the prime factors of 4437.
3, 17, 29
List the prime factors of 63.
3, 7
What are the prime factors of 58760?
2, 5, 13, 113
What are the prime factors of 82634?
2, 79, 523
List the prime factors of 59803.
79, 757
List the prime factors of 61817.
7, 8831
List the prime factors of 9538.
2, 19, 251
What are the prime factors of 2121?
3, 7, 101
List the prime factors of 4863.
3, 1621
What are the prime factors of 1772?
2, 443
List the prime factors of 114832.
2, 7177
List the prime factors of 2065.
5, 7, 59
What are the prime factors of 1864?
2, 233
What are the prime factors of 190?
2, 5, 19
What are the prime factors of 2321?
11, 211
List the prime factors of 12215.
5, 7, 349
List the prime factors of 42418.
2, 127, 167
What are the prime factors of 6439?
47, 137
List the prime factors of 35466.
2, 3, 23, 257
What are the prime factors of 41891?
163, 257
List the prime factors of 19809.
3, 31, 71
What are the prime factors of 827?
827
What are the prime factors of 3766?
2, 7, 269
What are the prime factors of 27758?
2, 13879
List the prime factors of 2849.
7, 11, 37
What are the prime factors of 961?
31
What are the prime factors of 26306?
2, 7, 1879
What are the prime factors of 1068?
2, 3, 89
List the prime factors of 1055.
5, 211
List the prime factors of 672.
2, 3, 7
What are the prime factors of 3470?
2, 5, 347
What are the prime factors of 2931?
3, 977
What are the prime factors of 22512?
2, 3, 7, 67
What are the prime factors of 9979?
17, 587
What are the prime factors of 3760?
2, 5, 47
List the prime factors of 181176.
2, 3, 7549
What are the prime factors of 87103?
87103
What are the prime factors of 19424?
2, 607
What are the prime factors of 119613?
3, 13, 3067
What are the prime factors of 51874?
2, 37, 701
What are the prime factors of 7996?
2, 1999
What are the prime factors of 12007?
12007
What are the prime factors of 15379?
7, 13
List the prime factors of 48751.
48751
List the prime factors of 587.
587
What are the prime factors of 4060?
2, 5, 7, 29
List the prime factors of 2021.
43, 47
List the prime factors of 55728.
2, 3, 43
What are the prime factors of 3458?
2, 7, 13, 19
List the prime factors of 1302.
2, 3, 7, 31
What are the prime factors of 10087?
7, 11, 131
What are the prime factors of 282?
2, 3, 47
What are the prime factors of 2268?
2, 3, 7
What are the prime factors of 13889?
17, 19, 43
List the prime factors of 5212.
2, 1303
What are the prime factors of 9410?
2, 5, 941
List the prime factors of 49637.
7, 1013
List the prime factors of 31078.
2, 41, 379
List the prime factors of 11251.
11251
List the prime factors of 1581.
3, 17, 31
What are the prime factors of 29217?
3, 9739
List the prime factors of 98571.
3, 11, 29, 103
List the prime factors of 4272.
2, 3, 89
What are the prime factors of 3177?
3, 353
What are the prime factors of 2497?
11, 227
List the prime factors of 1260.
2, 3, 5, 7
List the prime factors of 39024.
2, 3, 271
List the prime factors of 12345.
3, 5, 823
List the prime factors of 8128.
2, 127
What are the prime factors of 11894?
2, 19, 313
List the prime factors of 57777.
3, 19259
What are the prime factors of 3853?
3853
List the prime factors of 84805.
5, 7, 2423
List the prime factors of 47823.
3, 19, 839
List the prime factors of 116333.
7, 16619
List the prime factors of 376.
2, 47
What are the prime factors of 2746?
2, 1373
What are the prime factors of 2606?
2, 1303
List the prime factors of 22856.
2, 2857
What are the prime factors of 33893?
33893
What are the prime factors of 2849?
7, 11, 37
List the prime factors of 2051.
7, 293
What are the prime factors of 1611?
3, 179
List the prime factors of 16319.
16319
List the prime factors of 68518.
2, 34259
List the prime factors of 11892.
2, 3, 991
List the prime factors of 3532.
2, 883
What are the prime factors of 764?
2, 191
List the prime factors of 7740.
2, 3, 5, 43
List the prime factors of 35328.
2, 3, 23
What are the prime factors of 2519?
11, 229
List the prime factors of 15.
3, 5
List the prime factors of 36981.
3, 7, 587
List the prime factors of 11236.
2, 53
List the prime factors of 1029.
3, 7
List the prime factors of 3722.
2, 1861
List the prime factors of 424.
2, 53
What are the prime factors of 3600?
2, 3, 5
What are the prime factors of 9722?
2, 4861
List the prime factors of 70741.
11, 59, 109
List the prime factors of 721.
7, 103
List the prime factors of 58667.
7, 17, 29
What are the prime factors of 3984?
2, 3, 83
List the prime factors of 21279.
3, 41, 173
List the prime factors of 2196.
2, 3, 61
What are the prime factors of 6356?
2, 7, 227
What are the prime factors of 111860?
2, 5, 7, 17, 47
List the prime factors of 1467.
3, 163
What are the prime factors of 1430?
2, 5, 11, 13
What are the prime factors of 3426?
2, 3, 571
List the prime factors of 767.
13, 59
List the prime factors of 1808.
2, 113
List the prime factors of 2315.
5, 463
List the prime factors of 13345.
5, 17, 157
List the prime factors of 67.
67
What are the prime factors of 169354?
2, 17, 293
What are the prime factors of 197?
197
What are the prime factors of 265?
5, 53
What are the prime factors of 52765?
5, 61, 173
What are the prime factors of 1270?
2, 5, 127
What are the prime factors of 22521?
3, 7507
What are the prime factors of 1860?
2, 3, 5, 31
What are the prime factors of 7408?
2, 463
List the prime factors of 9996.
2, 3, 7, 17
What are the prime factors of 1165?
5, 233
What are the prime factors of 18928?
2, 7, 13
List the prime factors of 20374.
2, 61, 167
What are the prime factors of 10362?
2, 3, 11, 157
List the prime factors of 41787.
3, 4643
What are the prime factors of 1434?
2, 3, 239
What are the prime factors of 143777?
61, 2357
List the prime factors of 62184.
2, 3, 2591
What are the prime factors of 225?
3, 5
List the prime factors of 2620.
2, 5, 131
What are the prime factors of 310?
2, 5, 31
What are the prime factors of 46418?
2, 23209
List the prime factors of 10433.
10433
List the prime factors of 116055.
3, 5, 2579
List the prime factors of 269.
269
List the prime factors of 29204.
2, 7, 149
List the prime factors of 119784.
2, 3, 7, 23, 31
What are the prime factors of 4260?
2, 3, 5, 71
List the prime factors of 28182.
2, 3, 7, 11, 61
What are the prime factors of 36265?
5, 7253
List the prime factors of 11325.
3, 5, 151
List the prime factors of 2694.
2, 3, 449
What are the prime factors of 18717?
3, 17, 367
List the prime factors of 481.
13, 37
List the prime factors of 76.
2, 19
List the prime factors of 412.
2, 103
List the prime factors of 12414.
2, 3, 2069
List the prime factors of 3604.
2, 17, 53
List the prime factors of 2396.
2, 599
List the prime factors of 2234.
2, 1117
What are the prime factors of 16281?
3, 67
List the prime factors of 1197.
3, 7, 19
List the prime factors of 2759.
31, 89
List the prime factors of 2496.
2, 3, 13
List the prime factors of 5029.
47, 107
What are the prime factors of 4442?
2, 2221
What are the prime factors of 2461?
23, 107
What are the prime factors of 3363?
3, 19, 59
List the prime factors of 11084.
2, 17, 163
List the prime factors of 11779.
11779
What are the prime factors of 7541?
7541
What are the prime factors of 3290?
2, 5, 7, 47
What are the prime factors of 442?
2, 13, 17
What are the prime factors of 309?
3, 103
List the prime factors of 1491.
3, 7, 71
List the prime factors of 9578.
2, 4789
List the prime factors of 17032.
2, 2129
List the prime factors of 1869.
3, 7, 89
What are the prime factors of 768?
2, 3
List the prime factors of 1265.
5, 11, 23
List the prime factors of 10703.
7, 11, 139
What are the prime factors of 18463?
37, 499
List the prime factors of 12071.
12071
List the prime factors of 199172.
2, 17, 29, 101
What are the prime factors of 482?
2, 241
List the prime factors of 34891.
23, 37, 41
List the prime factors of 20667.
3, 83
What are the prime factors of 58082?
2, 113, 257
What a